102645
10025424 (base 7) to base 9
1504826
Convert -101103 (base 12) to base 13.
-8a162
1474222 (base 9) to base 14
173890
Convert -8266a (base 11) to base 10.
-120592
What is 437328 (base 9) in base 5?
31330001
What is 209329 (base 16) in base 15?
2c281a
What is 20205251 (base 9) in base 12?
32b2501
111a37 (base 11) to base 2
101011100001100001
Convert 43b132 (base 16) to base 4.
100323010302
Convert -243100 (base 6) to base 8.
-51654
Convert -227406 (base 8) to base 5.
-4440244
What is -3220322 (base 4) in base 15?
-463b
Convert 396212 (base 12) to base 16.
e66ae
1a853 (base 15) to base 6
1503153
Convert 1011022100021 (base 3) to base 4.
2112130333
-5ac12c (base 13) to base 14
-406474
1383975 (base 14) to base 2
100100000101101011010011
22220101200000 (base 3) to base 6
245230000
-2321340414 (base 5) to base 9
-10810068
What is 1060232 (base 7) in base 16?
20450
What is -100012122112121 (base 3) in base 16?
-4aaddb
Convert -141342 (base 10) to base 11.
-97213
-441723 (base 8) to base 12
-71a97
d095 (base 16) to base 4
31002111
Convert -66026413 (base 7) to base 3.
-101122021010111
Convert -92b597 (base 13) to base 2.
-1101000011111010010111
What is 301611 (base 7) in base 16?
c77a
Convert -360603 (base 13) to base 14.
-256a7c
Convert 253c32 (base 14) to base 9.
2357515
What is -518039 (base 13) in base 9?
-3518845
Convert -1361a5 (base 12) to base 3.
-121100020222
What is -65014660 (base 7) in base 13?
-11b9936
Convert 201102120100 (base 3) to base 7.
3151620
Convert -42333554 (base 6) to base 2.
-100101111000000101110
-34041605 (base 9) to base 10
-16502135
What is -2030100103 (base 5) in base 16?
-3f3aa2
-229307 (base 14) to base 4
-10133202223
What is 707977 (base 10) in base 2?
10101100110110001001
Convert -70785 (base 11) to base 12.
-4ba2b
What is 12340241 (base 6) in base 16?
621c1
-2c8a0b (base 16) to base 13
-7b2797
Convert -5434589 (base 10) to base 12.
-19a1025
-13053645 (base 7) to base 8
-4423733
What is 21010220000 (base 3) in base 9?
233800
What is -676d (base 16) in base 3?
-1100022122
-27820 (base 13) to base 11
-50563
404851 (base 10) to base 5
100423401
What is -1266edb (base 15) in base 13?
-2985bb1
What is -10010001011001111101 (base 2) in base 13?
-17b11c
What is 122222221 (base 3) in base 13?
5c83
Convert 2504646 (base 8) to base 16.
a89a6
What is 25113251 (base 6) in base 2?
11000100000010011111
Convert 102102000001 (base 3) to base 16.
36d15
Convert 6a38 (base 13) to base 5.
434134
Convert 243240 (base 9) to base 5.
14143402
What is -575a9 (base 13) in base 9?
-262303
Convert -3325350 (base 6) to base 14.
-44c82
Convert -3030222 (base 8) to base 11.
-4a6222
What is -110010010001010100 (base 2) in base 13?
-72951
What is -3120220211 (base 4) in base 3?
-1200002012012
-602004 (base 7) to base 11
-6a312
What is 8a48 (base 11) in base 9?
17303
10010110001212 (base 3) to base 5
411142140
Convert 532166 (base 8) to base 7.
1335552
Convert -1000011111110001 (base 2) to base 13.
-12ac0
What is 10113002133 (base 4) in base 7?
12500124
What is -27ecc7 (base 15) in base 8?
-7254276
31341420 (base 5) to base 10
262110
14213114 (base 5) to base 3
21111220010
What is 16027465 (base 9) in base 15?
a7c718
What is 1374bb (base 12) in base 10?
323855
1356500 (base 9) to base 10
746172
28a687 (base 15) to base 3
10200112012201
116426021 (base 7) to base 11
4182a42
What is -5310406 (base 8) in base 7?
-15004435
-4472513 (base 9) to base 13
-664ac4
What is 433402010 (base 5) in base 13?
500031
3756162 (base 8) to base 15
157ed4
What is 2440625 (base 9) in base 3?
2111100200212
What is 2b6c4e (base 16) in base 5?
1212031044
147d5 (base 15) to base 14
1a032
232321330 (base 4) to base 6
4041244
4401330211 (base 5) to base 7
142625610
Convert -122323113 (base 4) to base 15.
-22a30
What is 1323312110 (base 4) in base 8?
1736624
What is -1454201 (base 9) in base 16?
-c42c1
What is -715001 (base 9) in base 4?
-1213121332
-11022210201012 (base 3) to base 12
-92a57b
Convert 17a9426 (base 14) to base 12.
3b05176
-1100211022222 (base 3) to base 6
-23311512
Convert -141156 (base 12) to base 15.
-68d29
-10851 (base 15) to base 2
-1100110100010101
What is 5a07 (base 16) in base 12?
11407
Convert 3456233 (base 7) to base 10.
434360
-d9b4d (base 14) to base 4
-2000133321
What is -97109 (base 10) in base 16?
-17b55
Convert 4055315 (base 6) to base 16.
2f6ff
What is -ff68 (base 16) in base 14?
-19b84
Convert -115ad2 (base 15) to base 9.
-1503548
-20131352 (base 7) to base 15
-230468
20022120220222 (base 3) to base 9
6276828
80b79c (base 14) to base 16
4222ce
Convert c6f32e (base 16) to base 7.
215552530
-10010110001110000010000 (base 2) to base 4
-102301300100
Convert 113433013 (base 5) to base 8.
2013717
What is -3664466 (base 7) in base 8?
-1625463
Convert -79b18 (base 12) to base 11.
-100a43
Convert 23243122 (base 6) to base 9.
1318355
What is a365 (base 15) in base 9?
52315
Convert -100201011020 (base 3) to base 7.
-1424115
121210002010 (base 3) to base 14
88526
-211020222212 (base 3) to base 8
-1527555
-15016265 (base 7) to base 12
-583808
Convert 1365704 (base 10) to base 12.
55a408
Convert -11010100110010110 (base 2) to base 6.
-2200222
What is 12a446a (base 12) in base 9?
6856441
Convert 1079596 (base 11) to base 15.
274077
Convert 10100011010100000 (base 2) to base 11.
57905
What is -26d295 (base 16) in base 7?
-30424501
-33912a (base 13) to base 8
-4515724
-1c489c (base 15) to base 9
-2536163
What is -3415212 (base 8) in base 12?
-386a8a
-3805ca (base 13) to base 15
-1b8088
23001000 (base 5) to base 4
301213302
-20b3120 (base 13) to base 3
-200202202112201
-1535443 (base 6) to base 13
-32370
What is 1c27b (base 14) in base 15?
1644a
Convert -724636 (base 10) to base 9.
-1324011
Convert -10c0078 (base 13) to base 10.
-5169640
Convert 264455 (base 9) to base 10.
160754
2355382 (base 10) to base 6
122252314
What is -1001111000101111100 (base 2) in base 13?
-b45c4
Convert 52431 (base 9) to base 14.
c887
What is 2122121 (base 7) in base 4?
332321321
Convert cc457 (base 13) to base 15.
748b4
-a20662 (base 11) to base 8
-6204212
Convert -29bdc1 (base 15) to base 6.
-111102514
What is 123323432 (base 5) in base 11?
38349a
Convert -41459 (base 16) to base 7.
-2162312
-223212011 (base 4) to base 6
-3454405
-2002202010122 (base 3) to base 15
-170e1b
-1534414 (base 6) to base 2
-10110000101001010
Convert -240118 (base 9) to base 3.
-21100010122
-11110110100100111110 (base 2) to base 5
-224304412
What is 1011201102010 (base 3) in base 16?
986c4
What is 2cfbf (base 16) in base 15?
398da
What is 104416456 (base 7) in base 11?
3618869
-147718 (base 12) to base 8
-1241504
213221030 (base 4) to base 7
1244261
-10245 (base 10) to base 14
-3a3b
-1412a2 (base 13) to base 10
-488204
-2356b (base 13) to base 5
-4032042
What is 7453d (base 15) in base 11?
232308
Convert 4240066 (base 7) to base 8.
1753506
101011001110010100101111 (base 2) to base 5
10400041423
Convert -1d9bcdb (base 14) to base 13.
-3118b05
221000210002 (base 3) to base 16
78464
What is -b8224 (base 15) in base 3?
-1002200120221
304730 (base 8) to base 6
2054440
What is -263082 (base 11) in base 5?
-101222111
14302634 (base 7) to base 8
5104035
What is 1482658 (base 9) in base 7?
6662600
22203301 (base 5) to base 13
6a517
4221443 (base 8) to base 7
12355236
What is -258122 (base 12) in base 14?
-12036a
Convert 40633114 (base 7) to base 11.
1a14a55
What is 26124401 (base 7) in base 6?
122532422
1302313211 (base 4) to base 6
14030125
What is -102000201100100 (base 3) in base 16?
-596a72
295106 (base 14) to base 3
2200220212210
Convert 275651 (base 8) to base 6.
2025545
Convert -be338 (base 15) to base 11.
-383487
-12012133141 (base 5) to base 16
-d25e2f
What is -311767 (base 12) in base 3?
-1110010022021
232202110 (base 4) to base 14
4d672
-81729 (base 13) to base 8
-704737
18237 (base 12) to base 13
12b5c
Convert -11010010100001001111001 (base 2) to base 7.
-112430440
-4105d (base 14) to base 11
-a7635
10320201 (base 5) to base 11
60799
What is 2219244 (base 10) in base 13?
5c9181
Convert 317b7d (base 14) to base 9.
3130372
Convert -89768 (base 11) to base 14.
-3555a
Convert 111201223023 (base 4) to base 2.
10101100001101011001011
Convert 887588 (base 9) to base 11.
332604
Convert -401126 (base 8) 